{"id":660,"date":"2022-01-29T19:22:49","date_gmt":"2022-01-29T16:22:49","guid":{"rendered":"https:\/\/mundocanyon.com\/?page_id=660"},"modified":"2022-04-01T21:29:58","modified_gmt":"2022-04-01T18:29:58","slug":"perfeccionamiento","status":"publish","type":"page","link":"https:\/\/mundocanyon.com\/cat\/cursos-de-formacion\/barranquismo\/perfeccionamiento\/","title":{"rendered":"Perfeccionament"},"content":{"rendered":"<p>Et mostrarem algunes t\u00e8cniques d\u2019assegurament, desbloqueig de la cap\u00e7alera i rescat.<\/p>\n<p>Tamb\u00e8 ens pots sol.licitar una formaci\u00f3 de les maniobres t\u00e8cniques de la teva elecci\u00f3.<\/p>\n<h5><img loading=\"lazy\" decoding=\"async\" class=\"alignnone wp-image-1059\" src=\"https:\/\/mundocanyon.com\/wp-content\/uploads\/2022\/03\/galochka1-1.png\" alt=\"\" width=\"35\" height=\"35\" \/>Inclou<\/h5>\n<ul>\n<li>Guia titulat<\/li>\n<li>Material (neopr\u00e8, escarpins, arn\u00e8s, casc, mosquetons, cordes, etc)<\/li>\n<li>Asseguran\u00e7a de responsabilitat civil<\/li>\n<\/ul>\n<h5><img loading=\"lazy\" decoding=\"async\" class=\"alignnone wp-image-1183\" src=\"https:\/\/mundocanyon.com\/wp-content\/uploads\/2022\/03\/reloj_50-1.png\" alt=\"\" width=\"35\" height=\"35\" \/> Duraci\u00f3<\/h5>\n<p><span style=\"font-weight: 400;\">2 dies.<\/span><\/p>\n<h6>Qu\u00e8 oferim?<\/h6>\n<p><b>Dia 1<\/b><\/p>\n<p><img loading=\"lazy\" decoding=\"async\" class=\"alignnone wp-image-1318 \" src=\"https:\/\/mundocanyon.com\/wp-content\/uploads\/2022\/04\/2-1024x398.jpg\" alt=\"\" width=\"553\" height=\"215\" srcset=\"https:\/\/mundocanyon.com\/wp-content\/uploads\/2022\/04\/2-1024x398.jpg 1024w, https:\/\/mundocanyon.com\/wp-content\/uploads\/2022\/04\/2-388x151.jpg 388w, https:\/\/mundocanyon.com\/wp-content\/uploads\/2022\/04\/2-768x298.jpg 768w, https:\/\/mundocanyon.com\/wp-content\/uploads\/2022\/04\/2.jpg 1279w\" sizes=\"auto, (max-width: 553px) 100vw, 553px\" \/><\/p>\n<p><strong>Dia 2<\/strong><\/p>\n<p><img loading=\"lazy\" decoding=\"async\" class=\"alignnone wp-image-1319 \" src=\"https:\/\/mundocanyon.com\/wp-content\/uploads\/2022\/04\/3-1024x186.jpg\" alt=\"\" width=\"556\" height=\"101\" srcset=\"https:\/\/mundocanyon.com\/wp-content\/uploads\/2022\/04\/3-1024x186.jpg 1024w, https:\/\/mundocanyon.com\/wp-content\/uploads\/2022\/04\/3-388x71.jpg 388w, https:\/\/mundocanyon.com\/wp-content\/uploads\/2022\/04\/3-768x140.jpg 768w, https:\/\/mundocanyon.com\/wp-content\/uploads\/2022\/04\/3-1536x280.jpg 1536w, https:\/\/mundocanyon.com\/wp-content\/uploads\/2022\/04\/3-2048x373.jpg 2048w\" sizes=\"auto, (max-width: 556px) 100vw, 556px\" \/><\/p>\n<h5><img loading=\"lazy\" decoding=\"async\" class=\"alignnone wp-image-1049\" src=\"https:\/\/mundocanyon.com\/wp-content\/uploads\/2022\/03\/evro1.png\" alt=\"\" width=\"35\" height=\"35\" \/> Preu<\/h5>\n<p><span style=\"font-weight: 400;\">Consultar.<\/span><\/p>\n<h5><span style=\"font-weight: 400;\"><img loading=\"lazy\" decoding=\"async\" class=\"alignnone size-full wp-image-750\" src=\"https:\/\/mundocanyon.com\/wp-content\/uploads\/2022\/02\/whatsap35.png\" alt=\"\" width=\"35\" height=\"35\" \/> \u00a0<strong>671096436<\/strong><\/span><\/h5>\n<p><\/p>","protected":false},"excerpt":{"rendered":"<p>Et mostrarem algunes t\u00e8cniques d\u2019assegurament, desbloqueig de la cap\u00e7alera i rescat. Tamb\u00e8 ens pots sol.licitar una formaci\u00f3 de les maniobres t\u00e8cniques de la teva elecci\u00f3. Inclou Guia titulat Material (neopr\u00e8, escarpins, arn\u00e8s, casc, mosquetons, cordes, etc) Asseguran\u00e7a de responsabilitat civil Duraci\u00f3 2 dies. Qu\u00e8 oferim? Dia 1 Dia 2 Preu Consultar. \u00a0671096436<\/p>\n","protected":false},"author":1,"featured_media":0,"parent":1232,"menu_order":2,"comment_status":"closed","ping_status":"closed","template":"","meta":{"footnotes":""},"class_list":["post-660","page","type-page","status-publish","hentry"],"_links":{"self":[{"href":"https:\/\/mundocanyon.com\/cat\/wp-json\/wp\/v2\/pages\/660","targetHints":{"allow":["GET"]}}],"collection":[{"href":"https:\/\/mundocanyon.com\/cat\/wp-json\/wp\/v2\/pages"}],"about":[{"href":"https:\/\/mundocanyon.com\/cat\/wp-json\/wp\/v2\/types\/page"}],"author":[{"embeddable":true,"href":"https:\/\/mundocanyon.com\/cat\/wp-json\/wp\/v2\/users\/1"}],"replies":[{"embeddable":true,"href":"https:\/\/mundocanyon.com\/cat\/wp-json\/wp\/v2\/comments?post=660"}],"version-history":[{"count":3,"href":"https:\/\/mundocanyon.com\/cat\/wp-json\/wp\/v2\/pages\/660\/revisions"}],"predecessor-version":[{"id":1372,"href":"https:\/\/mundocanyon.com\/cat\/wp-json\/wp\/v2\/pages\/660\/revisions\/1372"}],"up":[{"embeddable":true,"href":"https:\/\/mundocanyon.com\/cat\/wp-json\/wp\/v2\/pages\/1232"}],"wp:attachment":[{"href":"https:\/\/mundocanyon.com\/cat\/wp-json\/wp\/v2\/media?parent=660"}],"curies":[{"name":"wp","href":"https:\/\/api.w.org\/{rel}","templated":true}]}}