{"id":1597,"date":"2022-05-04T15:39:06","date_gmt":"2022-05-04T12:39:06","guid":{"rendered":"https:\/\/mundocanyon.com\/?page_id=1597"},"modified":"2025-06-11T14:36:03","modified_gmt":"2025-06-11T11:36:03","slug":"aigueta-de-barbaruens","status":"publish","type":"page","link":"https:\/\/mundocanyon.com\/cat\/barranquismo-pirineos\/medio\/aigueta-de-barbaruens\/","title":{"rendered":"Barranc Aig\u00fceta de Barbaruens"},"content":{"rendered":"<p><\/p>\n<h1><span style=\"font-weight: 400;\">Barranc de l\u2019Aig\u00fceta Barbaruens<\/span><\/h1>\n<p><span style=\"font-weight: 400;\">El barranc de l\u2019Aig\u00fceta Barbaruens \u00e9s un dels descensos cl\u00e0ssics dels Pirineus. El barranc es troba a prop de la localitat de Barbaruens, al cor del Pirineu d\u2019Osca \u2013 Vall de Benasc. \u00c9s un descens molt complet, din\u00e0mic, divertit i aqu\u00e0tic.<\/span><\/p>\n<p><span style=\"font-weight: 400;\">Es tracta d\u2019un barranc de nivell t\u00e8cnic, cosa que significa que es recomana haver practicat barranquisme abans per poder realitzar aquesta activitat. A m\u00e9s, l\u2019aproximaci\u00f3 \u00e9s for\u00e7a llarga (1 h 30 min o 2 h de caminada) i exigent, aix\u00ed que, per fer aquest barranc, cal tenir un bon nivell de preparaci\u00f3 f\u00edsica.<\/span><\/p>\n<p><span style=\"font-weight: 400;\">El barranc de l\u2019Aig\u00fceta Barbaruens sorpr\u00e8n amb les seves aig\u00fces transparents de color turquesa i amb la peculiar bellesa del seu entorn: les altes parets cobertes d\u2019abundant vegetaci\u00f3, les lianes i els arbres penjats \u2013 tot aix\u00f2 ens dona la sensaci\u00f3 d\u2019estar en plena selva.<\/span><\/p>\n<p><span style=\"font-weight: 400;\">El barranc t\u00e9 diversos r\u00e0pels, molts tobogans i salts de fins a 10 m. Alguns dels r\u00e0pels es poden saltar, per\u00f2 sempre cal analitzar pr\u00e8viament el cabal per estar segurs en el salt.<\/span><\/p>\n<p><span style=\"font-weight: 400;\">Durant el recorregut, coneixerem la flora i fauna del barranc i podrem gaudir de la bellesa de les formacions geol\u00f2giques, esculpides per l\u2019aigua a les parets al llarg de milions d\u2019anys.<\/span><\/p>\n<h5><img loading=\"lazy\" decoding=\"async\" class=\"alignnone wp-image-1111\" src=\"https:\/\/mundocanyon.com\/wp-content\/uploads\/2022\/03\/uroven3-1.png\" alt=\"\" width=\"35\" height=\"27\" \/>\u00a0 \u00a0Nivell<\/h5>\n<p>T\u00e8cnic.<\/p>\n<h5><img loading=\"lazy\" decoding=\"async\" class=\"alignnone wp-image-1045\" src=\"https:\/\/mundocanyon.com\/wp-content\/uploads\/2022\/03\/ficha-tecnica1.png\" alt=\"\" width=\"35\" height=\"35\" \/> Ficha t\u00e9cnica<\/h5>\n<ul>\n<li>Aproximaci\u00f3: 15 min.<\/li>\n<li>Descens: 2 hores 30 min. \u2013 3 hores.<\/li>\n<li>Retorn: 30 min.<\/li>\n<\/ul>\n<p>Aquests temps s\u00f3n orientatius, el temps definitiu dependr\u00e0 del nivell, del n\u00famero de participants i del caudal d\u2019aigua. A m\u00e9s a m\u00e9s, haurem d\u2019afegir el temps del breafing, de vestir i desvestir; amb tot, l\u2019activitat total ens portar\u00e0 aproximadament unes 5 hores.<\/p>\n<h5><b><img loading=\"lazy\" decoding=\"async\" class=\"alignnone wp-image-1048\" src=\"https:\/\/mundocanyon.com\/wp-content\/uploads\/2022\/03\/galochka1.png\" alt=\"\" width=\"35\" height=\"35\" \/> L\u2019activitat inclou<\/b><\/h5>\n<ul>\n<li>Guia de Barrancs<\/li>\n<li>Material (neopr\u00e8, arn\u00e9s, casc, escarpins)<\/li>\n<li>Assegurances de responsabilitat civil i d\u2019accidents<\/li>\n<li>Reportatge fotogr\u00e0fic<\/li>\n<\/ul>\n<p>\u00c9s imprescindible portat cal\u00e7at esportiu o botes de trekking, banyador i tovallola. Es recomana portar cal\u00e7at de recanvi en el cotxe.<\/p>\n<h5><b><img loading=\"lazy\" decoding=\"async\" class=\"alignnone wp-image-1049\" src=\"https:\/\/mundocanyon.com\/wp-content\/uploads\/2022\/03\/evro1.png\" alt=\"\" width=\"35\" height=\"35\" \/> Preus\/tarifes<\/b><\/h5>\n<p><span style=\"font-weight: 400;\">per grup de:<\/span><\/p>\n<ul>\n<li style=\"font-weight: 400;\">Fins a 8 persones: 75 euros per persona.<\/li>\n<li style=\"font-weight: 400;\">M\u00e9s de 8 persones: 70 euros per persona.<\/li>\n<\/ul>\n<h5><img loading=\"lazy\" decoding=\"async\" class=\"alignnone wp-image-1057\" src=\"https:\/\/mundocanyon.com\/wp-content\/uploads\/2022\/03\/lokacziya_50-1.png\" alt=\"\" width=\"26\" height=\"35\" \/>\u00a0 \u00a0Localizaci\u00f3<\/h5>\n<p>Fes clic <a href=\"https:\/\/www.google.com\/maps\/place\/%D0%91%D0%B0%D1%80%D1%80%D0%B0%D0%BD%D0%BA%D0%BE+%D0%B4%D0%B5+%D0%91%D0%B0%D1%80%D0%B1%D0%B0%D1%80%D1%83%D1%8D%D0%BD%D1%81+%D0%9E+%D0%BB'%D0%90%D0%B9%D0%B3%D1%83%D1%8D%D1%82%D0%B0\/@42.4149197,0.1870143,11z\/data=!4m9!1m2!2m1!1sbarbaruens+barranco!3m5!1s0x12a7d99e6da51ceb:0xff849944e9633432!8m2!3d42.4879058!4d0.4157545!15sChNiYXJiYXJ1ZW5zIGJhcnJhbmNvkgEFcml2ZXI\">aqu\u00ed<\/a> per veure la localitzaci\u00f3.<\/p>\n<h5><span style=\"font-weight: 400;\"><img loading=\"lazy\" decoding=\"async\" class=\"alignnone size-full wp-image-750\" src=\"https:\/\/mundocanyon.com\/wp-content\/uploads\/2022\/02\/whatsap35.png\" alt=\"\" width=\"35\" height=\"35\" \/> \u00a0<strong>671096436<\/strong><\/span><\/h5>\n<p><\/p>","protected":false},"excerpt":{"rendered":"<p>Barranc de l\u2019Aig\u00fceta Barbaruens El barranc de l\u2019Aig\u00fceta Barbaruens \u00e9s un dels descensos cl\u00e0ssics dels Pirineus. El barranc es troba a prop de la localitat de Barbaruens, al cor del Pirineu d\u2019Osca \u2013 Vall de Benasc. \u00c9s un descens molt complet, din\u00e0mic, divertit i aqu\u00e0tic. Es tracta d\u2019un barranc de nivell t\u00e8cnic, cosa que significa [&hellip;]<\/p>\n","protected":false},"author":1,"featured_media":2659,"parent":361,"menu_order":0,"comment_status":"closed","ping_status":"closed","template":"","meta":{"footnotes":""},"class_list":["post-1597","page","type-page","status-publish","has-post-thumbnail","hentry"],"_links":{"self":[{"href":"https:\/\/mundocanyon.com\/cat\/wp-json\/wp\/v2\/pages\/1597","targetHints":{"allow":["GET"]}}],"collection":[{"href":"https:\/\/mundocanyon.com\/cat\/wp-json\/wp\/v2\/pages"}],"about":[{"href":"https:\/\/mundocanyon.com\/cat\/wp-json\/wp\/v2\/types\/page"}],"author":[{"embeddable":true,"href":"https:\/\/mundocanyon.com\/cat\/wp-json\/wp\/v2\/users\/1"}],"replies":[{"embeddable":true,"href":"https:\/\/mundocanyon.com\/cat\/wp-json\/wp\/v2\/comments?post=1597"}],"version-history":[{"count":15,"href":"https:\/\/mundocanyon.com\/cat\/wp-json\/wp\/v2\/pages\/1597\/revisions"}],"predecessor-version":[{"id":3885,"href":"https:\/\/mundocanyon.com\/cat\/wp-json\/wp\/v2\/pages\/1597\/revisions\/3885"}],"up":[{"embeddable":true,"href":"https:\/\/mundocanyon.com\/cat\/wp-json\/wp\/v2\/pages\/361"}],"wp:featuredmedia":[{"embeddable":true,"href":"https:\/\/mundocanyon.com\/cat\/wp-json\/wp\/v2\/media\/2659"}],"wp:attachment":[{"href":"https:\/\/mundocanyon.com\/cat\/wp-json\/wp\/v2\/media?parent=1597"}],"curies":[{"name":"wp","href":"https:\/\/api.w.org\/{rel}","templated":true}]}}